{"id":3081,"date":"2026-01-21T14:33:19","date_gmt":"2026-01-21T13:33:19","guid":{"rendered":"https:\/\/www.ets-giroud.fr\/?post_type=product&#038;p=3081"},"modified":"2026-01-21T14:33:19","modified_gmt":"2026-01-21T13:33:19","slug":"nelhys-4-hydro-type-33-lg-1000","status":"publish","type":"product","link":"https:\/\/www.ets-giroud.fr\/index.php\/produit\/nelhys-4-hydro-type-33-lg-1000\/","title":{"rendered":"N\u00e9lhys 4 Hydro &#8211; Type 33 &#8211; Lg 1000"},"content":{"rendered":"<p><strong>Une tr\u00e8s large gamme, pour le neuf et la r\u00e9novation, finition soign\u00e9e, robustesse, adaptabilit\u00e9.<\/strong><br \/>\nDesign intemporel, les lignes fluides et \u00e9pur\u00e9es permettent \u00e0 N\u00e9lhys 4 Hydro de s\u2019int\u00e9grer \u00e0 la perfection dans tous les styles d\u2018int\u00e9rieurs.<\/p>\n<p>Douceur des contours, il ne poss\u00e8de aucun angle vif apparent.<\/p>\n<p>Chauffage basse temp\u00e9rature, vous b\u00e9n\u00e9ficierez d\u2019un confort thermique de qualit\u00e9 et \u00e9conomique.<\/p>\n<p>Que vous disposiez d\u2019un syst\u00e8me de chauffage \u00e0 \u00e9nergie traditionnelle (gaz, fioul\u2026) ou d\u2019un syst\u00e8me de chauffage \u00e0 \u00e9nergie renouvelable, N\u00e9lhys 4 Hydro s\u2019adaptera ais\u00e9ment \u00e0 votre installation.<\/p>\n<p>Chaleur douce et constante r\u00e9partie uniform\u00e9ment dans la pi\u00e8ce, la sensation de confort est optimale.<\/p>\n<p>Dans le neuf ou la r\u00e9novation, l\u2019installation de N\u00e9lhys 4 Hydro est simple et rapide.<\/p>\n","protected":false},"excerpt":{"rendered":"<p>R\u00e9f\u00e9rence : NHC33-3010<\/p>\n","protected":false},"featured_media":3067,"comment_status":"open","ping_status":"closed","template":"","meta":[],"product_brand":[52],"product_cat":[34],"product_tag":[],"class_list":{"0":"post-3081","1":"product","2":"type-product","3":"status-publish","4":"has-post-thumbnail","6":"product_brand-neomitis","7":"product_cat-non-classe","9":"first","10":"instock","11":"shipping-taxable","12":"product-type-simple"},"yoast_head":"<!-- This site is optimized with the Yoast SEO plugin v27.0 - https:\/\/yoast.com\/product\/yoast-seo-wordpress\/ -->\n<title>N\u00e9lhys 4 Hydro - Type 33 - Lg 1000 - N\u00e9omitis<\/title>\n<meta name=\"robots\" content=\"index, follow, max-snippet:-1, max-image-preview:large, max-video-preview:-1\" \/>\n<link rel=\"canonical\" href=\"https:\/\/www.ets-giroud.fr\/index.php\/produit\/nelhys-4-hydro-type-33-lg-1000\/\" \/>\n<meta property=\"og:locale\" content=\"fr_FR\" \/>\n<meta property=\"og:type\" content=\"article\" \/>\n<meta property=\"og:title\" content=\"N\u00e9lhys 4 Hydro - Type 33 - Lg 1000 - N\u00e9omitis\" \/>\n<meta property=\"og:description\" content=\"R\u00e9f\u00e9rence : NHC33-3010\" \/>\n<meta property=\"og:url\" content=\"https:\/\/www.ets-giroud.fr\/index.php\/produit\/nelhys-4-hydro-type-33-lg-1000\/\" \/>\n<meta property=\"og:image\" content=\"http:\/\/www.ets-giroud.fr\/wp-content\/uploads\/2026\/01\/Capture-decran-2026-01-21-122910.png\" \/>\n\t<meta property=\"og:image:width\" content=\"671\" \/>\n\t<meta property=\"og:image:height\" content=\"690\" \/>\n\t<meta property=\"og:image:type\" content=\"image\/png\" \/>\n<meta name=\"twitter:card\" content=\"summary_large_image\" \/>\n<meta name=\"twitter:label1\" content=\"Dur\u00e9e de lecture estim\u00e9e\" \/>\n\t<meta name=\"twitter:data1\" content=\"1 minute\" \/>\n<script type=\"application\/ld+json\" class=\"yoast-schema-graph\">{\"@context\":\"https:\/\/schema.org\",\"@graph\":[{\"@type\":\"WebPage\",\"@id\":\"https:\/\/www.ets-giroud.fr\/index.php\/produit\/nelhys-4-hydro-type-33-lg-1000\/\",\"url\":\"https:\/\/www.ets-giroud.fr\/index.php\/produit\/nelhys-4-hydro-type-33-lg-1000\/\",\"name\":\"N\u00e9lhys 4 Hydro - Type 33 - Lg 1000 - N\u00e9omitis\",\"isPartOf\":{\"@id\":\"https:\/\/www.ets-giroud.fr\/#website\"},\"primaryImageOfPage\":{\"@id\":\"https:\/\/www.ets-giroud.fr\/index.php\/produit\/nelhys-4-hydro-type-33-lg-1000\/#primaryimage\"},\"image\":{\"@id\":\"https:\/\/www.ets-giroud.fr\/index.php\/produit\/nelhys-4-hydro-type-33-lg-1000\/#primaryimage\"},\"thumbnailUrl\":\"https:\/\/www.ets-giroud.fr\/wp-content\/uploads\/2026\/01\/Capture-decran-2026-01-21-122910.png\",\"datePublished\":\"2026-01-21T13:33:19+00:00\",\"breadcrumb\":{\"@id\":\"https:\/\/www.ets-giroud.fr\/index.php\/produit\/nelhys-4-hydro-type-33-lg-1000\/#breadcrumb\"},\"inLanguage\":\"fr-FR\",\"potentialAction\":[{\"@type\":\"ReadAction\",\"target\":[\"https:\/\/www.ets-giroud.fr\/index.php\/produit\/nelhys-4-hydro-type-33-lg-1000\/\"]}]},{\"@type\":\"ImageObject\",\"inLanguage\":\"fr-FR\",\"@id\":\"https:\/\/www.ets-giroud.fr\/index.php\/produit\/nelhys-4-hydro-type-33-lg-1000\/#primaryimage\",\"url\":\"https:\/\/www.ets-giroud.fr\/wp-content\/uploads\/2026\/01\/Capture-decran-2026-01-21-122910.png\",\"contentUrl\":\"https:\/\/www.ets-giroud.fr\/wp-content\/uploads\/2026\/01\/Capture-decran-2026-01-21-122910.png\",\"width\":671,\"height\":690},{\"@type\":\"BreadcrumbList\",\"@id\":\"https:\/\/www.ets-giroud.fr\/index.php\/produit\/nelhys-4-hydro-type-33-lg-1000\/#breadcrumb\",\"itemListElement\":[{\"@type\":\"ListItem\",\"position\":1,\"name\":\"Accueil\",\"item\":\"https:\/\/www.ets-giroud.fr\/\"},{\"@type\":\"ListItem\",\"position\":2,\"name\":\"Produits\",\"item\":\"https:\/\/www.ets-giroud.fr\/index.php\/shop\/\"},{\"@type\":\"ListItem\",\"position\":3,\"name\":\"N\u00e9lhys 4 Hydro &#8211; Type 33 &#8211; Lg 1000\"}]},{\"@type\":\"WebSite\",\"@id\":\"https:\/\/www.ets-giroud.fr\/#website\",\"url\":\"https:\/\/www.ets-giroud.fr\/\",\"name\":\"ETS GIROUD\",\"description\":\"\",\"publisher\":{\"@id\":\"https:\/\/www.ets-giroud.fr\/#organization\"},\"potentialAction\":[{\"@type\":\"SearchAction\",\"target\":{\"@type\":\"EntryPoint\",\"urlTemplate\":\"https:\/\/www.ets-giroud.fr\/?s={search_term_string}\"},\"query-input\":{\"@type\":\"PropertyValueSpecification\",\"valueRequired\":true,\"valueName\":\"search_term_string\"}}],\"inLanguage\":\"fr-FR\"},{\"@type\":\"Organization\",\"@id\":\"https:\/\/www.ets-giroud.fr\/#organization\",\"name\":\"ETS GIROUD\",\"alternateName\":\"ETABLISSEMENT GIROUD VENISSIEUX\",\"url\":\"https:\/\/www.ets-giroud.fr\/\",\"logo\":{\"@type\":\"ImageObject\",\"inLanguage\":\"fr-FR\",\"@id\":\"https:\/\/www.ets-giroud.fr\/#\/schema\/logo\/image\/\",\"url\":\"https:\/\/www.ets-giroud.fr\/wp-content\/uploads\/2023\/02\/LOGO-GIROUD-SS-FOND-Photoroom-2.png\",\"contentUrl\":\"https:\/\/www.ets-giroud.fr\/wp-content\/uploads\/2023\/02\/LOGO-GIROUD-SS-FOND-Photoroom-2.png\",\"width\":1691,\"height\":1038,\"caption\":\"ETS GIROUD\"},\"image\":{\"@id\":\"https:\/\/www.ets-giroud.fr\/#\/schema\/logo\/image\/\"}}]}<\/script>\n<!-- \/ Yoast SEO plugin. -->","yoast_head_json":{"title":"N\u00e9lhys 4 Hydro - Type 33 - Lg 1000 - N\u00e9omitis","robots":{"index":"index","follow":"follow","max-snippet":"max-snippet:-1","max-image-preview":"max-image-preview:large","max-video-preview":"max-video-preview:-1"},"canonical":"https:\/\/www.ets-giroud.fr\/index.php\/produit\/nelhys-4-hydro-type-33-lg-1000\/","og_locale":"fr_FR","og_type":"article","og_title":"N\u00e9lhys 4 Hydro - Type 33 - Lg 1000 - N\u00e9omitis","og_description":"R\u00e9f\u00e9rence : NHC33-3010","og_url":"https:\/\/www.ets-giroud.fr\/index.php\/produit\/nelhys-4-hydro-type-33-lg-1000\/","og_image":[{"width":671,"height":690,"url":"http:\/\/www.ets-giroud.fr\/wp-content\/uploads\/2026\/01\/Capture-decran-2026-01-21-122910.png","type":"image\/png"}],"twitter_card":"summary_large_image","twitter_misc":{"Dur\u00e9e de lecture estim\u00e9e":"1 minute"},"schema":{"@context":"https:\/\/schema.org","@graph":[{"@type":"WebPage","@id":"https:\/\/www.ets-giroud.fr\/index.php\/produit\/nelhys-4-hydro-type-33-lg-1000\/","url":"https:\/\/www.ets-giroud.fr\/index.php\/produit\/nelhys-4-hydro-type-33-lg-1000\/","name":"N\u00e9lhys 4 Hydro - Type 33 - Lg 1000 - N\u00e9omitis","isPartOf":{"@id":"https:\/\/www.ets-giroud.fr\/#website"},"primaryImageOfPage":{"@id":"https:\/\/www.ets-giroud.fr\/index.php\/produit\/nelhys-4-hydro-type-33-lg-1000\/#primaryimage"},"image":{"@id":"https:\/\/www.ets-giroud.fr\/index.php\/produit\/nelhys-4-hydro-type-33-lg-1000\/#primaryimage"},"thumbnailUrl":"https:\/\/www.ets-giroud.fr\/wp-content\/uploads\/2026\/01\/Capture-decran-2026-01-21-122910.png","datePublished":"2026-01-21T13:33:19+00:00","breadcrumb":{"@id":"https:\/\/www.ets-giroud.fr\/index.php\/produit\/nelhys-4-hydro-type-33-lg-1000\/#breadcrumb"},"inLanguage":"fr-FR","potentialAction":[{"@type":"ReadAction","target":["https:\/\/www.ets-giroud.fr\/index.php\/produit\/nelhys-4-hydro-type-33-lg-1000\/"]}]},{"@type":"ImageObject","inLanguage":"fr-FR","@id":"https:\/\/www.ets-giroud.fr\/index.php\/produit\/nelhys-4-hydro-type-33-lg-1000\/#primaryimage","url":"https:\/\/www.ets-giroud.fr\/wp-content\/uploads\/2026\/01\/Capture-decran-2026-01-21-122910.png","contentUrl":"https:\/\/www.ets-giroud.fr\/wp-content\/uploads\/2026\/01\/Capture-decran-2026-01-21-122910.png","width":671,"height":690},{"@type":"BreadcrumbList","@id":"https:\/\/www.ets-giroud.fr\/index.php\/produit\/nelhys-4-hydro-type-33-lg-1000\/#breadcrumb","itemListElement":[{"@type":"ListItem","position":1,"name":"Accueil","item":"https:\/\/www.ets-giroud.fr\/"},{"@type":"ListItem","position":2,"name":"Produits","item":"https:\/\/www.ets-giroud.fr\/index.php\/shop\/"},{"@type":"ListItem","position":3,"name":"N\u00e9lhys 4 Hydro &#8211; Type 33 &#8211; Lg 1000"}]},{"@type":"WebSite","@id":"https:\/\/www.ets-giroud.fr\/#website","url":"https:\/\/www.ets-giroud.fr\/","name":"ETS GIROUD","description":"","publisher":{"@id":"https:\/\/www.ets-giroud.fr\/#organization"},"potentialAction":[{"@type":"SearchAction","target":{"@type":"EntryPoint","urlTemplate":"https:\/\/www.ets-giroud.fr\/?s={search_term_string}"},"query-input":{"@type":"PropertyValueSpecification","valueRequired":true,"valueName":"search_term_string"}}],"inLanguage":"fr-FR"},{"@type":"Organization","@id":"https:\/\/www.ets-giroud.fr\/#organization","name":"ETS GIROUD","alternateName":"ETABLISSEMENT GIROUD VENISSIEUX","url":"https:\/\/www.ets-giroud.fr\/","logo":{"@type":"ImageObject","inLanguage":"fr-FR","@id":"https:\/\/www.ets-giroud.fr\/#\/schema\/logo\/image\/","url":"https:\/\/www.ets-giroud.fr\/wp-content\/uploads\/2023\/02\/LOGO-GIROUD-SS-FOND-Photoroom-2.png","contentUrl":"https:\/\/www.ets-giroud.fr\/wp-content\/uploads\/2023\/02\/LOGO-GIROUD-SS-FOND-Photoroom-2.png","width":1691,"height":1038,"caption":"ETS GIROUD"},"image":{"@id":"https:\/\/www.ets-giroud.fr\/#\/schema\/logo\/image\/"}}]}},"_links":{"self":[{"href":"https:\/\/www.ets-giroud.fr\/index.php\/wp-json\/wp\/v2\/product\/3081","targetHints":{"allow":["GET"]}}],"collection":[{"href":"https:\/\/www.ets-giroud.fr\/index.php\/wp-json\/wp\/v2\/product"}],"about":[{"href":"https:\/\/www.ets-giroud.fr\/index.php\/wp-json\/wp\/v2\/types\/product"}],"replies":[{"embeddable":true,"href":"https:\/\/www.ets-giroud.fr\/index.php\/wp-json\/wp\/v2\/comments?post=3081"}],"wp:featuredmedia":[{"embeddable":true,"href":"https:\/\/www.ets-giroud.fr\/index.php\/wp-json\/wp\/v2\/media\/3067"}],"wp:attachment":[{"href":"https:\/\/www.ets-giroud.fr\/index.php\/wp-json\/wp\/v2\/media?parent=3081"}],"wp:term":[{"taxonomy":"product_brand","embeddable":true,"href":"https:\/\/www.ets-giroud.fr\/index.php\/wp-json\/wp\/v2\/product_brand?post=3081"},{"taxonomy":"product_cat","embeddable":true,"href":"https:\/\/www.ets-giroud.fr\/index.php\/wp-json\/wp\/v2\/product_cat?post=3081"},{"taxonomy":"product_tag","embeddable":true,"href":"https:\/\/www.ets-giroud.fr\/index.php\/wp-json\/wp\/v2\/product_tag?post=3081"}],"curies":[{"name":"wp","href":"https:\/\/api.w.org\/{rel}","templated":true}]}}